at is the ten thousands digit of 9310554046?
5
What is the ten millions digit of 27400173?
2
What is the millions digit of 473951405?
3
What is the ten thousands digit of 701766024?
6
What is the hundred thousands digit of 60717951?
7
What is the hundreds digit of 1849419?
4
What is the ten thousands digit of 5560734801?
3
What is the hundreds digit of 1183546568?
5
What is the ten thousands digit of 9205567?
0
What is the hundreds digit of 957521523?
5
What is the thousands digit of 311089079?
9
What is the hundreds digit of 48317556?
5
What is the hundred millions digit of 1146819178?
1
What is the thousands digit of 42764667?
4
What is the billions digit of 1989273286?
1
What is the tens digit of 33178710?
1
What is the millions digit of 88432528?
8
What is the hundreds digit of 68333822?
8
What is the thousands digit of 1174321997?
1
What is the thousands digit of 55175939?
5
What is the ten millions digit of 2192922157?
9
What is the ten millions digit of 742066048?
4
What is the millions digit of 539137970?
9
What is the thousands digit of 6305911264?
1
What is the millions digit of 2407122428?
7
What is the hundred thousands digit of 277177147?
1
What is the hundred thousands digit of 21424276?
4
What is the ten thousands digit of 1613030461?
3
What is the billions digit of 3684732411?
3
What is the millions digit of 1816828725?
6
What is the hundred millions digit of 434200071?
4
What is the hundred thousands digit of 1773642168?
6
What is the units digit of 349807880?
0
What is the units digit of 134235490?
0
What is the units digit of 156757240?
0
What is the millions digit of 172821315?
2
What is the thousands digit of 804862761?
2
What is the ten millions digit of 41430096?
4
What is the units digit of 18860125?
5
What is the thousands digit of 58174495?
4
What is the hundreds digit of 73830859?
8
What is the thousands digit of 81993894?
3
What is the hundred millions digit of 641926226?
6
What is the hundred millions digit of 1023940031?
0
What is the millions digit of 30903766?
0
What is the units digit of 1429170908?
8
What is the tens digit of 1045713126?
2
What is the hundred millions digit of 263186823?
2
What is the millions digit of 1300656747?
0
What is the hundred thousands digit of 59016001?
0
What is the tens digit of 112472200?
0
What is the hundred millions digit of 1204349380?
2
What is the tens digit of 36823914?
1
What is the ten thousands digit of 240980965?
8
What is the tens digit of 958432671?
7
What is the units digit of 2139504487?
7
What is the hundred millions digit of 172309401?
1
What is the units digit of 347066030?
0
What is the tens digit of 10087882?
8
What is the tens digit of 48631883?
8
What is the hundred millions digit of 812841534?
8
What is the tens digit of 260440702?
0
What is the thousands digit of 179681582?
1
What is the millions digit of 4095039409?
5
What is the tens digit of 601828646?
4
What is the hundreds digit of 199423894?
8
What is the millions digit of 1267129816?
7
What is the hundreds digit of 28037637?
6
What is the units digit of 7696463?
3
What is the units digit of 241082870?
0
What is the units digit of 613700182?
2
What is the hundreds digit of 133741617?
6
What is the tens digit of 7196325420?
2
What is the ten thousands digit of 76382222?
8
What is the ten millions digit of 80588969?
8
What is the hundreds digit of 198843811?
8
What is the millions digit of 5741450087?
1
What is the thousands digit of 3695375779?
5
What is the ten millions digit of 211879717?
1
What is the hundred millions digit of 167174709?
1
What is the hundred thousands digit of 36735981?
7
What is the hundreds digit of 31221435?
4
What is the ten millions digit of 533914743?
3
What is the units digit of 278970544?
4
What is the thousands digit of 3964207?
4
What is the billions digit of 1388621532?
1
What is the hundred thousands digit of 696383077?
3
What is the ten thousands digit of 109504446?
0
What is the tens digit of 2191582907?
0
What is the hundreds digit of 244768427?
4
What is the hundred thousands digit of 48584995?
5
What is the hundred thousands digit of 419528983?
5
What is the thousands digit of 7640328013?
8
What is the hundred thousands digit of 211613662?
6
What is the units digit of 98658050?
0
What is the tens digit of 3440410318?
1
What is the hundred thousands digit of 1796459073?
4
What is the ten millions digit of 224364537?
2
What is the millions digit of 51408363?
1
What is the tens digit of 1382493198?
9
What is the ten thousands digit of 353346477?
4
What is the ten thousands digit of 74749794?
4
What is the millions digit of 2721056550?
1
What is the millions digit of 2459172164?
9
What is the hundred thousands digit of 823987276?
9
What is the thousands digit of 8309790?
9
What is the hundred thousands digit of 69977476?
9
What is the thousands digit of 384444329?
4
What is the thousands digit of 51101379?
1
What is the ten millions digit of 35089825?
3
What is the thousands digit of 638609718?
9
What is the ten thousands digit of 2033614869?
1
What is the tens digit of 869457520?
2
What is the hundred millions digit of 210394164?
2
What is the thousands digit of 285780967?
0
What is the units digit of 10465977?
7
What is the ten thousands digit of 180061962?
6
What is the ten thousands digit of 1375567784?
6
What is the billions digit of 5038647722?
5
What is the units digit of 156585080?
0
What is the units digit of 403414118?
8
What is the billions digit of 3470647697?
3
What is the ten thousands digit of 103718763?
1
What is the tens digit of 38934719?
1
What is the units digit of 3007881?
1
What is the thousands digit of 75466875?
6
What is the units digit of 102726208?
8
What is the hundred thousands digit of 456198981?
1
What is the hundred millions digit of 316529397?
3
What is the thousands digit of 559647780?
7
What is the tens digit of 3141299265?
6
What is the thousands digit of 322984204?
4
What is the hundred thousands digit of 5734840361?
8
What is the ten thousands digit of 123411000?
1
What is the hundreds digit of 4542649537?
5
What is the thousands digit of 761647067?
7
What is the ten millions digit of 31291342?
3
What is the hundred millions digit of 432188352?
4
What is the ten thousands digit of 948593852?
9
What is the hundreds digit of 200006765?
7
What is the hundreds digit of 2055503812?
8
What is the thousands digit of 26902700?
2
What is the thousands digit of 29852084?
2
What is the hundred thousands digit of 2068688889?
6
What is the ten thousands digit of 4811128984?
2
What is the tens digit of 95884778?
7
What is the units digit of 33252282?
2
What is the hundred thousands digit of 179036361?
0
What is the tens digit of 5948759264?
6
What is the ten millions digit of 324633493?
2
What is the ten millions digit of 431225511?
3
What is the units digit of 464366045?
5
What is the hundred thousands digit of 84669710?
6
What is the tens digit of 1860512445?
4
What is the thousands digit of 68847500?
7
What is the hundred thousands digit of 360023327?
0
What is the millions digit of 2041159252?
1
What is the hundred thousands digit of 837485845?
4
What is the units digit of 12707782?
2
What is the ten thousands digit of 225695223?
9
What is the hundred thousands digit of 644394823?
3
What is the tens digit of 94169519?
1
What is the thousands digit of 516425635?
5
What is the thousands digit of 3780195869?
5
What is the millions digit of 2925634963?
5
What is the hundred thousands digit of 819290640?
2
What is the ten thousands digit of 170295850?
9
What is the hundreds digit of 8001596?
5
What is the thousands digit of 278383953?
3
What is the millions digit of 186425691?
6
What is the hundred millions digit of 433645830?
4
What is the hundred millions digit of 369223516?
3
What is the ten millions digit of 2407189350?
0
What is the thousands digit of 12895587?
5
What is the hundred thousands digit of 4333723686?
7
What is the ten millions digit of 4457211388?
5
What is the units digit of 376452070?
0
What is the thousands digit of 14308006?
8
What is the millions digit of 23928316?
3
What is the millions digit of 71796684?
1
What is the thousands digit of 201825435?
5
What is the hundred millions digit of 1103751662?
1
What is the ten